{"id":298,"date":"2015-07-19T16:20:24","date_gmt":"2015-07-19T14:20:24","guid":{"rendered":"https:\/\/schallenberg.nl\/cms\/?page_id=298"},"modified":"2023-10-08T18:51:20","modified_gmt":"2023-10-08T16:51:20","slug":"geranium","status":"publish","type":"page","link":"https:\/\/schallenberg.nl\/cms\/kunstwerken\/botanisch\/geranium\/","title":{"rendered":"Geranium"},"content":{"rendered":"\n<p class=\"has-text-align-center has-black-color has-text-color has-medium-font-size\"><strong>Voorbeeld schilderij Huibert Schallenberg<\/strong><\/p>\n\n\n\n<div style=\"height:25px\" aria-hidden=\"true\" class=\"wp-block-spacer\"><\/div>\n\n\n<div class=\"wp-block-image\">\n<figure class=\"aligncenter size-full is-resized\"><img loading=\"lazy\" decoding=\"async\" src=\"https:\/\/schallenberg.nl\/cms\/wp-content\/uploads\/2020\/04\/Geranium1Watermerk.jpg\" alt=\"\" class=\"wp-image-5560\" style=\"width:600px;height:484px\" width=\"600\" height=\"484\" srcset=\"https:\/\/schallenberg.nl\/cms\/wp-content\/uploads\/2020\/04\/Geranium1Watermerk.jpg 600w, https:\/\/schallenberg.nl\/cms\/wp-content\/uploads\/2020\/04\/Geranium1Watermerk-300x242.jpg 300w, https:\/\/schallenberg.nl\/cms\/wp-content\/uploads\/2020\/04\/Geranium1Watermerk-230x186.jpg 230w, https:\/\/schallenberg.nl\/cms\/wp-content\/uploads\/2020\/04\/Geranium1Watermerk-350x282.jpg 350w, https:\/\/schallenberg.nl\/cms\/wp-content\/uploads\/2020\/04\/Geranium1Watermerk-480x387.jpg 480w\" sizes=\"auto, (max-width: 600px) 100vw, 600px\" \/><\/figure>\n<\/div>\n\n\n<div style=\"height:25px\" aria-hidden=\"true\" class=\"wp-block-spacer\"><\/div>\n\n\n\n<div class=\"wp-block-columns is-layout-flex wp-container-core-columns-is-layout-9d6595d7 wp-block-columns-is-layout-flex\">\n<div class=\"wp-block-column is-layout-flow wp-block-column-is-layout-flow\"><div class=\"wp-block-image is-style-default\">\n<figure class=\"aligncenter size-large\"><img loading=\"lazy\" decoding=\"async\" width=\"400\" height=\"500\" src=\"https:\/\/schallenberg.nl\/cms\/wp-content\/uploads\/2021\/05\/vbgeranium1.jpg\" alt=\"\" class=\"wp-image-5887\" srcset=\"https:\/\/schallenberg.nl\/cms\/wp-content\/uploads\/2021\/05\/vbgeranium1.jpg 400w, https:\/\/schallenberg.nl\/cms\/wp-content\/uploads\/2021\/05\/vbgeranium1-240x300.jpg 240w\" sizes=\"auto, (max-width: 400px) 100vw, 400px\" \/><\/figure>\n<\/div><\/div>\n\n\n\n<div class=\"wp-block-column is-layout-flow wp-block-column-is-layout-flow\"><div class=\"wp-block-image is-style-default\">\n<figure class=\"aligncenter size-large\"><img loading=\"lazy\" decoding=\"async\" width=\"500\" height=\"400\" src=\"https:\/\/schallenberg.nl\/cms\/wp-content\/uploads\/2021\/05\/vbgeranium2.jpg\" alt=\"\" class=\"wp-image-5888\" srcset=\"https:\/\/schallenberg.nl\/cms\/wp-content\/uploads\/2021\/05\/vbgeranium2.jpg 500w, https:\/\/schallenberg.nl\/cms\/wp-content\/uploads\/2021\/05\/vbgeranium2-300x240.jpg 300w\" sizes=\"auto, (max-width: 500px) 100vw, 500px\" \/><\/figure>\n<\/div><\/div>\n\n\n\n<div class=\"wp-block-column is-layout-flow wp-block-column-is-layout-flow\"><div class=\"wp-block-image is-style-default\">\n<figure class=\"aligncenter size-large\"><img loading=\"lazy\" decoding=\"async\" width=\"400\" height=\"500\" src=\"https:\/\/schallenberg.nl\/cms\/wp-content\/uploads\/2021\/05\/vbgeranium3.jpg\" alt=\"\" class=\"wp-image-5890\" srcset=\"https:\/\/schallenberg.nl\/cms\/wp-content\/uploads\/2021\/05\/vbgeranium3.jpg 400w, https:\/\/schallenberg.nl\/cms\/wp-content\/uploads\/2021\/05\/vbgeranium3-240x300.jpg 240w\" sizes=\"auto, (max-width: 400px) 100vw, 400px\" \/><\/figure>\n<\/div><\/div>\n<\/div>\n\n\n\n<p class=\"has-black-color has-text-color has-medium-font-size\"><strong>Geranium uit de familie Geraniaceae<\/strong><\/p>\n\n\n\n<p class=\"has-black-color has-text-color has-medium-font-size\">Pelargonium (afgeleid van <em>pelargos<\/em> = ooievaarsbek), dat in de omgangstaal &#8220;geranium&#8221; wordt genoemd, is een geslacht uit de familie <em><a rel=\"noreferrer noopener\" href=\"https:\/\/nl.wikipedia.org\/wiki\/Geranium_(geslacht)\" target=\"_blank\"><span style=\"text-decoration: underline;\">Geraniaceae<\/span><\/a><\/em>. Tot dit geslacht behoren 220 tot 280 soorten, waarvan de meeste soorten oorspronkelijk in Namibi\u00eb en Zuid-Afrika voorkomen. Er komen ook soorten voor in tropisch Afrika, Voor-Azi\u00eb,Australi\u00eb en op sommige eilanden in de Indische Oceaan.<br>De meeste soorten zijn meerjarige, kruidachtige planten, waarbij de stengels van oudere planten zich verhouten. Er bestaan tevens eenjarige soorten. Het geslacht bevat ook succulenten, die water opslaan in stengels en wortels. De soorten komen in verschillende gebieden voor zoals de waterkant, de droge woestijn in Namibi\u00eb, rotsachtige berggebieden en duinen bij de kust.<\/p>\n","protected":false},"excerpt":{"rendered":"<p>Voorbeeld schilderij Huibert Schallenberg Geranium uit de familie Geraniaceae Pelargonium (afgeleid van pelargos = ooievaarsbek), dat in de omgangstaal &#8220;geranium&#8221; wordt genoemd, is een geslacht uit de familie Geraniaceae. Tot dit geslacht behoren 220 tot 280 soorten, waarvan de meeste soorten oorspronkelijk in Namibi\u00eb en Zuid-Afrika voorkomen. Er komen ook soorten voor in tropisch Afrika, [&hellip;]<\/p>\n","protected":false},"author":1,"featured_media":0,"parent":65,"menu_order":13,"comment_status":"closed","ping_status":"closed","template":"","meta":{"footnotes":""},"class_list":["post-298","page","type-page","status-publish","hentry"],"yoast_head":"<!-- This site is optimized with the Yoast SEO plugin v27.3 - https:\/\/yoast.com\/product\/yoast-seo-wordpress\/ -->\n<title>Geranium |\u00a0Pelargonium\u00a0 | Ooievaarsbek |\u00a0Geraniaceae<\/title>\n<meta name=\"description\" content=\"Geranium.\u00a0Pelargonium (afgeleid van\u00a0pelargos\u00a0= ooievaarsbek), dat in de omgangstaal &quot;geranium&quot; wordt genoemd, is een geslacht uit de familie\u00a0Geraniaceae.\" \/>\n<meta name=\"robots\" content=\"index, follow, max-snippet:-1, max-image-preview:large, max-video-preview:-1\" \/>\n<link rel=\"canonical\" href=\"https:\/\/schallenberg.nl\/cms\/kunstwerken\/botanisch\/geranium\/\" \/>\n<meta property=\"og:locale\" content=\"nl_NL\" \/>\n<meta property=\"og:type\" content=\"article\" \/>\n<meta property=\"og:title\" content=\"Geranium |\u00a0Pelargonium\u00a0 | Ooievaarsbek |\u00a0Geraniaceae\" \/>\n<meta property=\"og:description\" content=\"Geranium.\u00a0Pelargonium (afgeleid van\u00a0pelargos\u00a0= ooievaarsbek), dat in de omgangstaal &quot;geranium&quot; wordt genoemd, is een geslacht uit de familie\u00a0Geraniaceae.\" \/>\n<meta property=\"og:url\" content=\"https:\/\/schallenberg.nl\/cms\/kunstwerken\/botanisch\/geranium\/\" \/>\n<meta property=\"og:site_name\" content=\"Huibert H Schallenberg\" \/>\n<meta property=\"article:modified_time\" content=\"2023-10-08T16:51:20+00:00\" \/>\n<meta property=\"og:image\" content=\"https:\/\/schallenberg.nl\/cms\/wp-content\/uploads\/2020\/04\/Geranium1Watermerk.jpg\" \/>\n<meta name=\"twitter:card\" content=\"summary_large_image\" \/>\n<meta name=\"twitter:label1\" content=\"Geschatte leestijd\" \/>\n\t<meta name=\"twitter:data1\" content=\"2 minuten\" \/>\n<script type=\"application\/ld+json\" class=\"yoast-schema-graph\">{\"@context\":\"https:\\\/\\\/schema.org\",\"@graph\":[{\"@type\":\"WebPage\",\"@id\":\"https:\\\/\\\/schallenberg.nl\\\/cms\\\/kunstwerken\\\/botanisch\\\/geranium\\\/\",\"url\":\"https:\\\/\\\/schallenberg.nl\\\/cms\\\/kunstwerken\\\/botanisch\\\/geranium\\\/\",\"name\":\"Geranium |\u00a0Pelargonium\u00a0 | Ooievaarsbek |\u00a0Geraniaceae\",\"isPartOf\":{\"@id\":\"https:\\\/\\\/schallenberg.nl\\\/cms\\\/#website\"},\"primaryImageOfPage\":{\"@id\":\"https:\\\/\\\/schallenberg.nl\\\/cms\\\/kunstwerken\\\/botanisch\\\/geranium\\\/#primaryimage\"},\"image\":{\"@id\":\"https:\\\/\\\/schallenberg.nl\\\/cms\\\/kunstwerken\\\/botanisch\\\/geranium\\\/#primaryimage\"},\"thumbnailUrl\":\"https:\\\/\\\/schallenberg.nl\\\/cms\\\/wp-content\\\/uploads\\\/2020\\\/04\\\/Geranium1Watermerk.jpg\",\"datePublished\":\"2015-07-19T14:20:24+00:00\",\"dateModified\":\"2023-10-08T16:51:20+00:00\",\"description\":\"Geranium.\u00a0Pelargonium (afgeleid van\u00a0pelargos\u00a0= ooievaarsbek), dat in de omgangstaal \\\"geranium\\\" wordt genoemd, is een geslacht uit de familie\u00a0Geraniaceae.\",\"breadcrumb\":{\"@id\":\"https:\\\/\\\/schallenberg.nl\\\/cms\\\/kunstwerken\\\/botanisch\\\/geranium\\\/#breadcrumb\"},\"inLanguage\":\"nl-NL\",\"potentialAction\":[{\"@type\":\"ReadAction\",\"target\":[\"https:\\\/\\\/schallenberg.nl\\\/cms\\\/kunstwerken\\\/botanisch\\\/geranium\\\/\"]}]},{\"@type\":\"ImageObject\",\"inLanguage\":\"nl-NL\",\"@id\":\"https:\\\/\\\/schallenberg.nl\\\/cms\\\/kunstwerken\\\/botanisch\\\/geranium\\\/#primaryimage\",\"url\":\"https:\\\/\\\/schallenberg.nl\\\/cms\\\/wp-content\\\/uploads\\\/2020\\\/04\\\/Geranium1Watermerk.jpg\",\"contentUrl\":\"https:\\\/\\\/schallenberg.nl\\\/cms\\\/wp-content\\\/uploads\\\/2020\\\/04\\\/Geranium1Watermerk.jpg\",\"width\":600,\"height\":484},{\"@type\":\"BreadcrumbList\",\"@id\":\"https:\\\/\\\/schallenberg.nl\\\/cms\\\/kunstwerken\\\/botanisch\\\/geranium\\\/#breadcrumb\",\"itemListElement\":[{\"@type\":\"ListItem\",\"position\":1,\"name\":\"Home\",\"item\":\"https:\\\/\\\/schallenberg.nl\\\/cms\\\/\"},{\"@type\":\"ListItem\",\"position\":2,\"name\":\"Kunstwerken\",\"item\":\"https:\\\/\\\/schallenberg.nl\\\/cms\\\/kunstwerken\\\/\"},{\"@type\":\"ListItem\",\"position\":3,\"name\":\"Botanisch\",\"item\":\"https:\\\/\\\/schallenberg.nl\\\/cms\\\/kunstwerken\\\/botanisch\\\/\"},{\"@type\":\"ListItem\",\"position\":4,\"name\":\"Geranium\"}]},{\"@type\":\"WebSite\",\"@id\":\"https:\\\/\\\/schallenberg.nl\\\/cms\\\/#website\",\"url\":\"https:\\\/\\\/schallenberg.nl\\\/cms\\\/\",\"name\":\"Huibert H Schallenberg\",\"description\":\"Botanisch Schilder\",\"publisher\":{\"@id\":\"https:\\\/\\\/schallenberg.nl\\\/cms\\\/#organization\"},\"potentialAction\":[{\"@type\":\"SearchAction\",\"target\":{\"@type\":\"EntryPoint\",\"urlTemplate\":\"https:\\\/\\\/schallenberg.nl\\\/cms\\\/?s={search_term_string}\"},\"query-input\":{\"@type\":\"PropertyValueSpecification\",\"valueRequired\":true,\"valueName\":\"search_term_string\"}}],\"inLanguage\":\"nl-NL\"},{\"@type\":\"Organization\",\"@id\":\"https:\\\/\\\/schallenberg.nl\\\/cms\\\/#organization\",\"name\":\"Huibert H Schallenberg\",\"url\":\"https:\\\/\\\/schallenberg.nl\\\/cms\\\/\",\"logo\":{\"@type\":\"ImageObject\",\"inLanguage\":\"nl-NL\",\"@id\":\"https:\\\/\\\/schallenberg.nl\\\/cms\\\/#\\\/schema\\\/logo\\\/image\\\/\",\"url\":\"https:\\\/\\\/schallenberg.nl\\\/cms\\\/wp-content\\\/uploads\\\/2021\\\/01\\\/cooltext372908479468162.png\",\"contentUrl\":\"https:\\\/\\\/schallenberg.nl\\\/cms\\\/wp-content\\\/uploads\\\/2021\\\/01\\\/cooltext372908479468162.png\",\"width\":488,\"height\":175,\"caption\":\"Huibert  H Schallenberg\"},\"image\":{\"@id\":\"https:\\\/\\\/schallenberg.nl\\\/cms\\\/#\\\/schema\\\/logo\\\/image\\\/\"}}]}<\/script>\n<!-- \/ Yoast SEO plugin. -->","yoast_head_json":{"title":"Geranium |\u00a0Pelargonium\u00a0 | Ooievaarsbek |\u00a0Geraniaceae","description":"Geranium.\u00a0Pelargonium (afgeleid van\u00a0pelargos\u00a0= ooievaarsbek), dat in de omgangstaal \"geranium\" wordt genoemd, is een geslacht uit de familie\u00a0Geraniaceae.","robots":{"index":"index","follow":"follow","max-snippet":"max-snippet:-1","max-image-preview":"max-image-preview:large","max-video-preview":"max-video-preview:-1"},"canonical":"https:\/\/schallenberg.nl\/cms\/kunstwerken\/botanisch\/geranium\/","og_locale":"nl_NL","og_type":"article","og_title":"Geranium |\u00a0Pelargonium\u00a0 | Ooievaarsbek |\u00a0Geraniaceae","og_description":"Geranium.\u00a0Pelargonium (afgeleid van\u00a0pelargos\u00a0= ooievaarsbek), dat in de omgangstaal \"geranium\" wordt genoemd, is een geslacht uit de familie\u00a0Geraniaceae.","og_url":"https:\/\/schallenberg.nl\/cms\/kunstwerken\/botanisch\/geranium\/","og_site_name":"Huibert H Schallenberg","article_modified_time":"2023-10-08T16:51:20+00:00","og_image":[{"url":"https:\/\/schallenberg.nl\/cms\/wp-content\/uploads\/2020\/04\/Geranium1Watermerk.jpg","type":"","width":"","height":""}],"twitter_card":"summary_large_image","twitter_misc":{"Geschatte leestijd":"2 minuten"},"schema":{"@context":"https:\/\/schema.org","@graph":[{"@type":"WebPage","@id":"https:\/\/schallenberg.nl\/cms\/kunstwerken\/botanisch\/geranium\/","url":"https:\/\/schallenberg.nl\/cms\/kunstwerken\/botanisch\/geranium\/","name":"Geranium |\u00a0Pelargonium\u00a0 | Ooievaarsbek |\u00a0Geraniaceae","isPartOf":{"@id":"https:\/\/schallenberg.nl\/cms\/#website"},"primaryImageOfPage":{"@id":"https:\/\/schallenberg.nl\/cms\/kunstwerken\/botanisch\/geranium\/#primaryimage"},"image":{"@id":"https:\/\/schallenberg.nl\/cms\/kunstwerken\/botanisch\/geranium\/#primaryimage"},"thumbnailUrl":"https:\/\/schallenberg.nl\/cms\/wp-content\/uploads\/2020\/04\/Geranium1Watermerk.jpg","datePublished":"2015-07-19T14:20:24+00:00","dateModified":"2023-10-08T16:51:20+00:00","description":"Geranium.\u00a0Pelargonium (afgeleid van\u00a0pelargos\u00a0= ooievaarsbek), dat in de omgangstaal \"geranium\" wordt genoemd, is een geslacht uit de familie\u00a0Geraniaceae.","breadcrumb":{"@id":"https:\/\/schallenberg.nl\/cms\/kunstwerken\/botanisch\/geranium\/#breadcrumb"},"inLanguage":"nl-NL","potentialAction":[{"@type":"ReadAction","target":["https:\/\/schallenberg.nl\/cms\/kunstwerken\/botanisch\/geranium\/"]}]},{"@type":"ImageObject","inLanguage":"nl-NL","@id":"https:\/\/schallenberg.nl\/cms\/kunstwerken\/botanisch\/geranium\/#primaryimage","url":"https:\/\/schallenberg.nl\/cms\/wp-content\/uploads\/2020\/04\/Geranium1Watermerk.jpg","contentUrl":"https:\/\/schallenberg.nl\/cms\/wp-content\/uploads\/2020\/04\/Geranium1Watermerk.jpg","width":600,"height":484},{"@type":"BreadcrumbList","@id":"https:\/\/schallenberg.nl\/cms\/kunstwerken\/botanisch\/geranium\/#breadcrumb","itemListElement":[{"@type":"ListItem","position":1,"name":"Home","item":"https:\/\/schallenberg.nl\/cms\/"},{"@type":"ListItem","position":2,"name":"Kunstwerken","item":"https:\/\/schallenberg.nl\/cms\/kunstwerken\/"},{"@type":"ListItem","position":3,"name":"Botanisch","item":"https:\/\/schallenberg.nl\/cms\/kunstwerken\/botanisch\/"},{"@type":"ListItem","position":4,"name":"Geranium"}]},{"@type":"WebSite","@id":"https:\/\/schallenberg.nl\/cms\/#website","url":"https:\/\/schallenberg.nl\/cms\/","name":"Huibert H Schallenberg","description":"Botanisch Schilder","publisher":{"@id":"https:\/\/schallenberg.nl\/cms\/#organization"},"potentialAction":[{"@type":"SearchAction","target":{"@type":"EntryPoint","urlTemplate":"https:\/\/schallenberg.nl\/cms\/?s={search_term_string}"},"query-input":{"@type":"PropertyValueSpecification","valueRequired":true,"valueName":"search_term_string"}}],"inLanguage":"nl-NL"},{"@type":"Organization","@id":"https:\/\/schallenberg.nl\/cms\/#organization","name":"Huibert H Schallenberg","url":"https:\/\/schallenberg.nl\/cms\/","logo":{"@type":"ImageObject","inLanguage":"nl-NL","@id":"https:\/\/schallenberg.nl\/cms\/#\/schema\/logo\/image\/","url":"https:\/\/schallenberg.nl\/cms\/wp-content\/uploads\/2021\/01\/cooltext372908479468162.png","contentUrl":"https:\/\/schallenberg.nl\/cms\/wp-content\/uploads\/2021\/01\/cooltext372908479468162.png","width":488,"height":175,"caption":"Huibert  H Schallenberg"},"image":{"@id":"https:\/\/schallenberg.nl\/cms\/#\/schema\/logo\/image\/"}}]}},"_links":{"self":[{"href":"https:\/\/schallenberg.nl\/cms\/wp-json\/wp\/v2\/pages\/298","targetHints":{"allow":["GET"]}}],"collection":[{"href":"https:\/\/schallenberg.nl\/cms\/wp-json\/wp\/v2\/pages"}],"about":[{"href":"https:\/\/schallenberg.nl\/cms\/wp-json\/wp\/v2\/types\/page"}],"author":[{"embeddable":true,"href":"https:\/\/schallenberg.nl\/cms\/wp-json\/wp\/v2\/users\/1"}],"replies":[{"embeddable":true,"href":"https:\/\/schallenberg.nl\/cms\/wp-json\/wp\/v2\/comments?post=298"}],"version-history":[{"count":5,"href":"https:\/\/schallenberg.nl\/cms\/wp-json\/wp\/v2\/pages\/298\/revisions"}],"predecessor-version":[{"id":6272,"href":"https:\/\/schallenberg.nl\/cms\/wp-json\/wp\/v2\/pages\/298\/revisions\/6272"}],"up":[{"embeddable":true,"href":"https:\/\/schallenberg.nl\/cms\/wp-json\/wp\/v2\/pages\/65"}],"wp:attachment":[{"href":"https:\/\/schallenberg.nl\/cms\/wp-json\/wp\/v2\/media?parent=298"}],"curies":[{"name":"wp","href":"https:\/\/api.w.org\/{rel}","templated":true}]}}